{"id":8,"date":"2015-09-17T13:32:22","date_gmt":"2015-09-17T11:32:22","guid":{"rendered":"http:\/\/coaching.sybille-letschert.de\/?page_id=8"},"modified":"2020-08-27T23:16:15","modified_gmt":"2020-08-27T21:16:15","slug":"training-beratung-coaching","status":"publish","type":"page","link":"https:\/\/coaching.sybille-letschert.de\/?page_id=8","title":{"rendered":"Training I Beratung I Coaching"},"content":{"rendered":"<div id=\"pl-8\"  class=\"panel-layout\" ><div id=\"pg-8-0\"  class=\"panel-grid panel-has-style\" ><div class=\"siteorigin-panels-stretch panel-row-style panel-row-style-for-8-0\" data-stretch-type=\"full\" ><div id=\"pgc-8-0-0\"  class=\"panel-grid-cell\" ><div id=\"panel-8-0-0-0\" class=\"so-panel widget widget_text panel-first-child panel-last-child\" data-index=\"0\" ><div class=\"panel-widget-style panel-widget-style-for-8-0-0-0\" >\t\t\t<div class=\"textwidget\"><p><b>Immer mehr, immer schneller! Die Dynamik, mit der sich Anforderungen ver\u00e4ndern ist atemberaubend. Das Leben ist ein st\u00e4ndiges Lernen. Der Unternehmensalltag gibt wenig Spielraum um dieser Tatsache Rechnung zu tragen. Deshalb sind Effizienz und Nachhaltigkeit von Weiterbildungsma\u00dfnahmen Gradmesser f\u00fcr erfolgreiche Trainings oder Business Coachings.<\/b><\/p>\n<p>Resultierend aus den eigenen Anforderungen in F\u00fchrung und Vertrieb entwickelte Sybille Letschert Kompetenz in Kommunikation und Mitarbeiterf\u00fchrung. Speziell zu den Themen Gespr\u00e4chsf\u00fchrung\/ explizit per Telefon, Vermittlung stark erkl\u00e4rungsbed\u00fcrftiger Sachverhalte, Verhandlungen oder auch  Beschwerdemanagement werden Kommunikationstrainings angeboten. <\/p>\n<p>Seminare mit Sybille Letschert basieren auf fundierten Methoden und Theorien die praxisnah und lebendig vermittelt werden. Kein Training ist wie das andere. Gem\u00e4\u00df dem Credo \u201eviele Wege f\u00fchren nach Rom\u201c steht der Mensch mit seinen M\u00f6glichkeiten im Fokus. Ein Training gibt Techniken und Hilfestellung um definierte Lernziele zu erreichen. Teilnehmer erhalten F\u00f6rder- und Forderung zugleich. \u00dcbungen erfolgen nicht an freien Fallbeispielen sondern sind unternehmensbezogen, gern auch  mit dem Auftraggeber abgestimmt. Der Lerntransfer erfolgt \u00fcber Erfahrungen, Austausch und positives Erleben.<\/p>\n<p>Coaching ist eine Prozessbegleitung einer einzelnen Person \u00fcber einen vereinbarten Zeitraum. Ziel des Coachs ist es nicht eine \u201eL\u00f6sung\u201c zu skizzieren, sondern den Teilnehmer auf dem Weg zur Bearbeitung seiner Themen oder Hemmnisse zu begleiten, zu inspirieren oder zu motivieren. Business Coachings bieten durch die 100%ige Fokussierung auf die Problemstellung des Coachees die M\u00f6glichkeit der individuellen Impulsgabe. Vertrauensfindung und Akzeptanz ist Basis eines erfolgreichen Prozesses. <\/p>\n<\/div>\n\t\t<\/div><\/div><\/div><div id=\"pgc-8-0-1\"  class=\"panel-grid-cell\" ><div id=\"panel-8-0-1-0\" class=\"so-panel widget widget_text panel-first-child panel-last-child\" data-index=\"1\" ><div class=\"panel-widget-style panel-widget-style-for-8-0-1-0\" >\t\t\t<div class=\"textwidget\"><h3 class=\"up\">Ausbildung<\/h3>\n<li>Ausbildung zum Online-Trainer<\/li>\n<li>Mediator<\/li>\n<li>Coach- & Beraterausbildung - Birmelin Managementberatung GmbH, Altusried<\/li>\n<li>Versicherungskauffrau<\/li>\n<li>Industriekauffrau<\/li>\n<h3 class=\"up\">Kooperationen<\/h3>\n<li>institut f\u00fcr sales & managementberatung\u2028 GmbH & Co. KG - www.ifsm-online.com<\/li>\n<h3 class=\"up\">Referenzen<\/h3>\n<li><b>Ulticom GmbH<\/b><br \/>\n<i>Mitarbeiter Entwicklung\/ Vertriebsunterst\u00fctzung<br \/>\nModeration von Inhabertreffen\/ F\u00fchrungskr\u00e4fte Workshops<\/i><\/li>\n<li><b>Lohmann Druck GmbH<\/b><br \/>\n<i>Vertriebsinnendienst Unterst\u00fctzung\/ Teamentwicklung<\/i><\/li>\n<li><b>S&L BusinessSolution GmbH<\/b><br \/>\n<i>Kommunikationstraining\/ Teamentwicklung<\/i><\/li>\n<\/div>\n\t\t<\/div><\/div><\/div><\/div><\/div><\/div>","protected":false},"excerpt":{"rendered":"<p>Immer mehr, immer schneller! Die Dynamik, mit der sich Anforderungen ver\u00e4ndern ist atemberaubend. Das Leben ist ein st\u00e4ndiges Lernen. Der Unternehmensalltag gibt wenig Spielraum um dieser Tatsache Rechnung zu tragen.&hellip;<\/p>\n","protected":false},"author":1,"featured_media":0,"parent":0,"menu_order":1,"comment_status":"closed","ping_status":"closed","template":"page-templates\/full-width.php","meta":[],"_links":{"self":[{"href":"https:\/\/coaching.sybille-letschert.de\/index.php?rest_route=\/wp\/v2\/pages\/8"}],"collection":[{"href":"https:\/\/coaching.sybille-letschert.de\/index.php?rest_route=\/wp\/v2\/pages"}],"about":[{"href":"https:\/\/coaching.sybille-letschert.de\/index.php?rest_route=\/wp\/v2\/types\/page"}],"author":[{"embeddable":true,"href":"https:\/\/coaching.sybille-letschert.de\/index.php?rest_route=\/wp\/v2\/users\/1"}],"replies":[{"embeddable":true,"href":"https:\/\/coaching.sybille-letschert.de\/index.php?rest_route=%2Fwp%2Fv2%2Fcomments&post=8"}],"version-history":[{"count":27,"href":"https:\/\/coaching.sybille-letschert.de\/index.php?rest_route=\/wp\/v2\/pages\/8\/revisions"}],"predecessor-version":[{"id":199,"href":"https:\/\/coaching.sybille-letschert.de\/index.php?rest_route=\/wp\/v2\/pages\/8\/revisions\/199"}],"wp:attachment":[{"href":"https:\/\/coaching.sybille-letschert.de\/index.php?rest_route=%2Fwp%2Fv2%2Fmedia&parent=8"}],"curies":[{"name":"wp","href":"https:\/\/api.w.org\/{rel}","templated":true}]}}